Suppose 4*z = -3 + 31. Calculate the remainder when -9*(-15)/j + -3 is divided by z.
5
Let x = 69 + -40. Let t = 9 + 1. What is the remainder when x is divided by t?
9
Let o = 8 + -8. Suppose o*q = -2*q + 36. What is the remainder when 51 is divided by q?
15
Suppose 11 = 6*k - 13. Calculate the remainder when 11 is divided by k.
3
What is the remainder when 29 is divided by 38/4 + 4/(-8)*-1?
9
Suppose -5*v + 2*r + 78 = 0, r - 2 = -r. Let i(n) = -16*n - 4. Let s(k) = k. Let y(j) = i(j) + 6*s(j). What is the remainder when y(-5) is divided by v?
14
Let f(j) = -3*j + 2. Let h(m) = m**3 + 6*m**2 - 6*m + 3. Let v be h(-7). What is the remainder when 25 is divided by f(v)?
11
What is the remainder when (-2)/(-6)*645/5 is divided by 11?
10
Let m(q) = q**3 - 4*q**2 + 4*q + 1. Suppose 3 + 22 = 5*f. Calculate the remainder when m(f) is divided by 12.
10
Let r = -32 - -41. Calculate the remainder when 41 is divided by r.
5
Let m(z) = -3*z + 4*z + 11 + 3*z - 3*z. Suppose -h + 2 - 8 = 0. What is the remainder when m(h) is divided by 2?
1
Let f(q) = -5*q + 6. Suppose 24 = a + 6. What is the remainder when f(-13) is divided by a?
17
Let z be (-2)/5 + 815/(-25). Calculate the remainder when (2*31)/((-8)/(-4)) is divided by 6/z - 246/(-22).
9
Let a = 7 + -5. Let g(p) = p**2 - 3*p**2 + 4*p + 3*p**a. What is the remainder when g(-6) is divided by 7?
5
Suppose -4*v + 5 = -3*x, -4*x = 3*v - 3*x - 7. Suppose -1 - 8 = -3*u. What is the remainder when u is divided by v?
1
Let f(p) = -p**3 - 8*p**2 + 2. Let i be f(-8). Suppose 0 = -2*t + 3*l + 33, -2*t + 39 = l + i*l. Calculate the remainder when t is divided by 10.
8
Suppose -s + 1 = -68. What is the remainder when s is divided by 18?
15
Let c(v) = -v - 1. Let n be c(-3). Let k(j) = -j - 1. Let s be k(-5). Suppose -n*b + 10 = -s. What is the remainder when 19 is divided by b?
5
Let j = 16 + -13. Suppose x - 26 = -j*m + m, 5*x - 2*m - 166 = 0. What is the remainder when x is divided by 11?
10
Suppose 2*h + 57 = 305. What is the remainder when h is divided by 21?
19
Let c = 10 + -5. Let u(t) = -3 + c - t**2 + 3*t**2. What is the remainder when u(3) is divided by 7?
6
Let z = 16 + -10. Let i(j) = j**2 - 4*j - 5. Calculate the remainder when 13 is divided by i(z).
6
Suppose 0 = 4*t - 12. Suppose -9 = -3*h + t. What is the remainder when 1/(-4) + (-174)/(-24) is divided by h?
3
Let d be 2/3*(2 - 5). Let g be d/(-5) - 8/(-5). Suppose -g*z + 4*z = 14. Calculate the remainder when z is divided by 3.
1
Suppose 2*l = -3*p + 75, 5*l + 45 = 5*p - 55. What is the remainder when 136 is divided by p?
21
Calculate the remainder when 1*-2 + 13/((-13)/(-48)) is divided by 16.
14
Let n = 0 - 11. Let v = 23 + n. Calculate the remainder when v is divided by 5.
2
Let c = 67 + -47. What is the remainder when 118 is divided by c?
18
Suppose -4*m - o + 261 = 0, 324 = -m + 6*m - o. Suppose -4*v = -9*v + m. Suppose 2*c - 18 = 30. What is the remainder when c is divided by v?
11
Let z be 2/(-8) - (-98)/8. Suppose -g = -z - 2. Suppose 5*o = 169 + 31. Calculate the remainder when o is divided by g.
12
Suppose 5 + 3 = 2*h. Suppose h*i - 33 = -3*f + 2*f, -3*i + 6 = -3*f. What is the remainder when i is divided by 3?
1
Let i(j) = j**3 + 6*j**2 - 2*j + 6. Suppose -2*t - 21 = -t + 5*h, -2*t - 4*h = 24. Calculate the remainder when i(-6) is divided by (4/t)/(1/(-15)).
8
Calculate the remainder when 23 + 6/(0 + -3) is divided by 8.
5
Calculate the remainder when 19 is divided by 22/3*(1 + 1/2).
8
Let u = 5 - 1. Calculate the remainder when 3 is divided by (-3 + -2)*u/(-10).
1
Let u = -155 + 175. Let c(a) = 58*a**3 + a - 1. What is the remainder when c(1) is divided by u?
18
Calculate the remainder when 286 is divided by 2*(123/(-6))/(-1).
40
Let n(l) = l**3 - 4*l**2 - l - 3. Let b be n(6). Let w = -23 + b. What is the remainder when w is divided by 21?
19
Let l(q) = q**2 - 4*q - 2. Let w be -1*(0 - 3) - -2. Let n be l(w). Let v(c) = -c**3 + 7*c**2 - 3*c - 3. Calculate the remainder when v(n) is divided by 13.
11
Let v = 1 - -14. Suppose -165 - 12 = -3*q. Calculate the remainder when q is divided by v.
14
Let h = -27 - -42. Suppose 10 + h = 5*f, 0 = -2*p - 2*f + 2. Let b = 15 + p. Calculate the remainder when 32 is divided by b.
10
Calculate the remainder when (2 - 1)/((-2)/(-66)) is divided by 6.
3
Let t = -46 - -68. Calculate the remainder when 81 is divided by t.
15
Suppose 3*f = -4*s + 258, 5*f = 2*s + 380 + 76. Calculate the remainder when f is divided by 23.
21
Suppose -2*c = 4, 2*p - 4*c = -2*p + 60. What is the remainder when 40 is divided by p?
1
Let s(f) = f**3 - 3*f**2 + 4*f - 2. Let j be ((-2)/6)/(2/(-12)). Let a be s(j). Calculate the remainder when 13 is divided by 1 + 7 + a + -3.
6
Suppose 4*b + 4*y - 8 - 12 = 0, 5*y + 3 = 2*b. What is the remainder when 5 is divided by b?
1
Suppose 2*m - 7*b + 2*b - 10 = 0, -25 = -5*m - b. Suppose -m = -4*j - j. Let x = 10 + -9. Calculate the remainder when j is divided by x.
0
Let y(q) = -10*q**2 + 6*q + 5. Let m be y(5). Let j = -105 - m. Calculate the remainder when j is divided by 28.
26
Let b = 31 + -18. Suppose k = 71 + 14. Suppose d = 2*i - 77 + 25, -5*d = -3*i + k. What is the remainder when i is divided by b?
12
Suppose 2*j - 2*f + 486 = 0, -4*f + 435 + 297 = -3*j. Calculate the remainder when ((-6)/4)/(18/j) is divided by 7.
6
Calculate the remainder when 99 is divided by ((-954)/(-30) - -2) + 1/5.
31
Let c = 80 + -21. Calculate the remainder when c is divided by 6.
5
Suppose 2*k - 58 + 18 = o, 0 = -4*o - 8. Suppose -l - l = -22. Calculate the remainder when k is divided by l.
8
Let r = -99 - -109. Calculate the remainder when 24 is divided by r.
4
Suppose 0*z - 2*m + 134 = 2*z, 0 = 2*z + 3*m - 135. Calculate the remainder when z is divided by 17.
15
Calculate the remainder when 33 is divided by ((-1)/1)/((-1)/9).
6
Let u(b) be the third derivative of 2*b**5/15 + b**4/8 + b**3/6 + b**2. Let d = -5 - -3. What is the remainder when u(d) is divided by 14?
13
Let d be 1 + (-2)/(2/(-3)). Suppose -3*l - 2*k - 2*k = -28, -l + 4 = -4*k. What is the remainder when l is divided by -2 + (2 - -1) + d?
3
Suppose -3*r - 5*p = -11, -2*r + 25 = r - 2*p. Suppose 2*d = 17 + 9. Calculate the remainder when d is divided by r.
6
Let n be (-1)/((-3)/246*2). Let u = 78 - n. Calculate the remainder when u is divided by 13.
11
Let v be ((-3)/2)/(1/6). Calculate the remainder when 46 is divided by 3/(v/(-24)) + 0.
6
Let h = -3 - -8. Suppose -h*o - 24 = -k, -o - 24 = -2*k + 3*o. Suppose -172 + 32 = -k*d. What is the remainder when d is divided by 9?
8
Suppose -2*o + 0*o = -16. Let r = 16 - o. What is the remainder when 29 is divided by r?
5
Suppose -3*t + 0*g + 3*g + 78 = 0, 5*t - 85 = -4*g. What is the remainder when 60 is divided by t?
18
Let b(r) = -50*r - 3. What is the remainder when b(-2) is divided by 25?
22
Suppose 5*g - 2*j - 2*j = 72, 0 = 2*j + 6. Suppose -4*o + 46 = -38. Calculate the remainder when o is divided by g.
9
Let r(u) be the third derivative of -3*u**2 - 1/2*u**3 + 1/6*u**4 + 0 + 0*u. Calculate the remainder when 19 is divided by r(2).
4
Suppose -4*z - 64 = -0*z. Let o = -8 - z. Calculate the remainder when 14 is divided by o.
6
Suppose 4*n - 5 = 3*n. Suppose 32 = -n*w + 9*w. Calculate the remainder when 23 is divided by w.
7
Let n be 9/6*4 + -1. Suppose 0*o + 10 = n*o. Suppose o*k + 30 = y - 5, -4*y + k + 105 = 0. What is the remainder when y is divided by 7?
4
Let k = 57 - 56. Let y(v) = -v**3 + v**2 - v - 1. What is the remainder when y(-1) is divided by k?
0
Let k(i) = -i - 7. Let y(j) = 2*j + 14. Let s(h) = -11*k(h) - 6*y(h). Let p = -7 + -1. What is the remainder when 3 is divided by s(p)?
0
Let q(j) = 5*j**2 + 2*j + 1. Let p be q(-1). Suppose m + p*z - 23 = 0, m - 5*z + 3 = -1. Suppose 2*t - t = 31. Calculate the remainder when t is divided by m.
9
Let p(g) = -g**3 + 12*g**2 + g - 12. Let m be p(12). Suppose m = 5*h - 243 - 17. Calculate the remainder when h is divided by 18.
16
Suppose -u = -i + 10, -2*i = -0*u + 2*u - 8. What is the remainder when 18 is divided by i?
4
Let f(c) = c - 2. Let w be f(-2). Let k be w/14 + 74/14. Calculate the remainder when 5*(2 + (-6)/k) is divided by 3.
1
Let w = -40 + 88. Let p = -31 + 44. What is the remainder when w is divided by p?
9
Let w = -7 - -14.